 the tens digit of f?
1
Let c(o) = 1. Let i(v) = -10*v - 2 + 8 - 3. Let r(q) = 5*c(q) - i(q). What is the tens digit of r(2)?
2
Let y = 171 + -115. Suppose -11 = -0*a - 4*a + 5*b, -y = -4*a - 4*b. What is the units digit of a?
9
Suppose 0 = -622*u + 608*u + 65464. What is the units digit of u?
6
Let i = 4727 - 1753. What is the hundreds digit of i?
9
Suppose -3*x + 5*f + 0 = -6, -5*x = 4*f - 10. Suppose -5*y = -3*t - 350, -x*y - y = -t - 206. What is the units digit of y?
7
Let d = 5701 + -2695. What is the thousands digit of d?
3
Let p be (-4)/(-18) - (68/(-18) - 1). Suppose 3*y + 197 = 5*m - m, -4*m - p*y + 205 = 0. What is the tens digit of m?
5
Let f(v) = 3*v**2 + 2*v - 2. Let t be f(3). Suppose -4*l - t - 9 = 0. What is the tens digit of (-502)/l + 6/(-30)?
5
Suppose -5*b = 21 - 41. Suppose 3*y - 2*y - 1 = -4*d, b*y + 5*d - 4 = 0. What is the units digit of y/1 + 1 - -9?
1
Let i = -713 - -3178. What is the units digit of i?
5
Suppose 918 = 9*h - 1161. What is the tens digit of h?
3
Suppose -4*z - 6 = c + 4, -5*z = 5*c + 5. Suppose c*q - 314 = 3*p, 5*q = -0*p + 4*p + 792. What is the units digit of q?
0
Suppose -2*a + 284 = k, a + a = -2*k + 578. What is the units digit of k?
4
Let w = 80 + 100. Let t = -3 + 5. What is the tens digit of (-1 + t)*w/6?
3
Suppose -4*p + 3 = 4*f - 5, -3*f + 4*p = -13. Suppose 4*l + 87 = -65. What is the tens digit of f + -6 + 0 - l?
3
What is the units digit of 2*120 - 0/1?
0
Suppose 2*m - 4*c = 234, 0*m + 3*c - 369 = -3*m. What is the hundreds digit of m?
1
Suppose k - 1187 = 198. What is the thousands digit of k?
1
What is the thousands digit of 24074/20 + 12/40?
1
Let g = -83 - -112. Let s = g + 61. What is the units digit of s?
0
Let p(w) = 10*w**3 - 147*w**2 - 8*w - 7. What is the tens digit of p(15)?
4
Let d be 2/(-8) - 388/(-16). Suppose 4*y = 3*a + d, -y = -0*a + 2*a + 5. Suppose -5*z - 154 = -y*m, 5*m = m - z + 190. What is the tens digit of m?
4
Let s be (-15)/(1 + (-33)/24). Let l = s - -2. Suppose -2*x - 4*g = -l, -g = x + x - 48. What is the units digit of x?
5
Suppose -11*b - 6 = -14*b. What is the tens digit of (-549)/(-12) + b/8?
4
Suppose 3*u = -5*r + 8*u + 125, -3*r + 4*u + 70 = 0. What is the tens digit of (r/4)/((-7)/(-42))?
4
Suppose h + 5*x - 610 = 0, 5*h - 1057 - 2041 = -x. What is the hundreds digit of h?
6
Let q = -46 + 49. Suppose -5*z + 2*c + 0*c + 151 = 0, 103 = 3*z + 5*c. Let u = q + z. What is the units digit of u?
4
What is the tens digit of (1 + 202)/(9/18)?
0
Let u(n) = -3*n**3 - 3*n**2 + 2*n - 11. What is the units digit of u(-4)?
5
Let h(i) be the second derivative of -i**5/20 + i**4/6 + i**3/3 + i**2 - 8*i. Let l be h(3). What is the units digit of (-1 - -2) + 28 + l?
8
Let j be (2 - -3)*(-8)/(-10). Suppose 2*f = j*v + f - 125, 0 = -4*v - 4*f + 120. What is the units digit of v?
1
Suppose 4*q + 0*s + 2*s - 198 = 0, -q + 4*s = -27. Suppose -8*y + q + 121 = 0. What is the tens digit of y?
2
Let y(h) = 3*h + 124. What is the units digit of y(34)?
6
Suppose 2*n - 5514 = -3178. What is the tens digit of n?
6
Let o(d) = -603*d - 216. What is the tens digit of o(-3)?
9
Let j be (-4)/(-6) + (-184)/(-12). Suppose -4*c - 32 = -4*b, 2*b = -0*c - 2*c + j. What is the units digit of b?
8
Let d = -53 + 51. What is the tens digit of 0 - ((d - 89) + 0 + 3)?
8
Suppose 1812 = 546*m - 542*m. What is the hundreds digit of m?
4
Let g be 8/(-6) - 2314/(-39). Let x(n) = 6*n - 1. Let u be x(1). Suppose 6*h - g = u*h. What is the units digit of h?
8
Let c(l) = l - 7. Let h be (18/(-10))/(5/(-25)). Let d be c(h). Suppose x - 5*t = 34, d*x + 5*t = 4*x - 48. What is the units digit of x?
4
Let u = 8836 + -5868. What is the units digit of u?
8
Suppose q + 3*q - 8 = 0. Let s(i) = -67*i**2 - 3*i + 4. Let w be s(q). What is the units digit of (w/(-63))/((-6)/(-28))?
0
Let s(y) = 23 + 13*y + 16 + 19 - 10. What is the hundreds digit of s(9)?
1
Suppose 0 = 111*g - 114*g + 30. Suppose 0 = -g*b + 751 + 269. What is the tens digit of b?
0
Let f(s) = -2*s - 14. Let x(n) = n. Let w(c) = f(c) - x(c). What is the tens digit of w(-10)?
1
Suppose -1 = -4*f + 3. What is the units digit of f/((-2)/(-568)*4)?
1
Let x(c) = -c**3 - 11*c**2 + 4*c - 6. Let i = -24 + 18. Let f be x(i). What is the tens digit of (-4)/(-1)*f/(-28)?
3
Let z = -14 + 18. Suppose -5*m - 8 = -t + 5, -20 = -z*t + 4*m. Suppose 5*y + 6 + 65 = a, t*a = -3*y + 231. What is the tens digit of a?
7
Suppose 5*f - 2959 = 4*a, f - 174 = a + 565. Let i = -457 - a. What is the units digit of i?
9
Let w(g) = 7*g**2 + 18*g - 352. What is the thousands digit of w(-28)?
4
Let f(x) = -9*x**2 + 17*x + 5. Let r(a) = -a + 1. Let n(z) = -f(z) + 2*r(z). What is the tens digit of n(5)?
2
Let w = 3656 - 2013. What is the tens digit of w?
4
Let q(f) = -7*f**2. Let h be q(-1). Let g = h + 2. Let x = g - -26. What is the tens digit of x?
2
Let p(z) = 2*z**2 - 24*z + 388. What is the units digit of p(18)?
4
Suppose -5*p + 893 = -3*p - 5*b, 5*p - 5*b = 2240. Suppose -4*m + 1245 = p. What is the hundreds digit of m?
1
Let a(h) = -h**2 - 4*h + 1. Let w be a(-3). Suppose n + 3*n = 8. Suppose 0*v + z = -w*v + 10, 2*z - n = -2*v. What is the units digit of v?
3
What is the hundreds digit of (105/6)/((-2)/(-32))?
2
Suppose -18*d = 20*d - 114. Suppose 5*u + 2*v - 616 = 3*u, -5*u - 3*v = -1546. Suppose -5*i - 47 + 216 = d*p, u = 5*p + i. What is the units digit of p?
3
Let j(x) = 1 + 1 - 14*x + x**2 + 17. Let k = 30 + -16. What is the tens digit of j(k)?
1
Let m = -143 + 666. What is the tens digit of m?
2
Let y(h) = h**2 - 14*h + 14. Let w be y(14). Let c be 0/w - (1 - 202). Suppose 3*m - 5*l = 113, 5*m + 3*l = 5*l + c. What is the units digit of m?
1
Suppose -9 = -3*g - 78. Let w = 27 + g. Suppose 0*b + 52 = w*b. What is the units digit of b?
3
Suppose 2*u = 30 + 26. Let y = -42 - -42. Suppose -108 = -4*z + 5*q, y*z - q = -z + u. What is the units digit of z?
2
Let a(z) = -4*z**2 - 109*z + 4. What is the tens digit of a(-27)?
3
What is the tens digit of 95/76*12108/3?
4
Let s = -57 + 99. What is the tens digit of (-1)/6 + 1435/s?
3
Suppose c - 5*q - 113 = 98, -3*c + 643 = -5*q. Suppose -4*l = 4*r - c, 3*r - 11 = 3*l - 203. What is the units digit of l?
9
Suppose 0 = 36*j - 29800 - 16928. What is the thousands digit of j?
1
What is the tens digit of 6 - (-2051)/(6 + 1)?
9
Let r = 140 - 72. Suppose -r = -v - v. What is the units digit of v?
4
Let k(t) = 3*t**2 + 3*t - 15. Suppose z = -3*q - 0*q - 16, -q = 2*z + 12. What is the units digit of k(q)?
1
Suppose a + 49 = -5*o, 4*o + 0*o + 128 = -2*a. Let f = -65 - a. What is the units digit of f?
9
Let s = 17 - 7. Let k(a) = -a**2 + 14*a + 7. What is the tens digit of k(s)?
4
Let j(q) = 2*q**2 + 5*q - 2. Let s(v) = 3*v**2 + 11*v - 4. Let n(p) = -p + 4. Let l be n(9). Let b(k) = l*j(k) + 3*s(k). What is the tens digit of b(3)?
1
Let y(j) = -6*j - 2*j + 32 - 70. What is the units digit of y(-17)?
8
Let t = -918 - -2926. What is the units digit of t?
8
Let r = -151 + 262. Suppose 4*d - 4*s - 375 = -r, 5*s = -3*d + 174. What is the units digit of d?
3
Let g(v) = -v - 13. Let t be g(-13). Suppose 3*x + 294 = 5*l, 2*l + 0*x + 5*x - 99 = t. What is the tens digit of l?
5
Suppose 2*b = 5*b - 198. What is the tens digit of (0 - 2) + b + -3?
6
What is the hundreds digit of (3 + (0 - -1) - -457)/1?
4
Let j = -24 + 41. Let k(w) = -w**2 + 37*w - 306. Let p be k(23). Let r = p + j. What is the units digit of r?
3
Let t(p) = -243*p - 83. What is the tens digit of t(-5)?
3
Suppose -g - 3*s + 6 = 0, -5*g + 2*g + s = 2. Let n(h) = g*h**2 - 12 + 9 + h**2 + 12 + 11*h. What is the units digit of n(-11)?
9
Suppose 0*l = l + 2. Let o = l - 10. Let i(j) = -j - 9. What is the units digit of i(o)?
3
Let h(o) = -o**3 + 13*o**2 - 10*o - 6. What is the hundreds digit of h(10)?
1
Let s = 152 + -40. Suppose 7*p - s - 154 = 0. What is the units digit of p?
8
Suppose 928 = -2*b + 6*b. What is the tens digit of b?
3
Let o(x) = 4*x**3 - 4*x**2 + 2*x + 1. Let q be o(1). Suppose -q*p + 5*h = -0*h - 463, p - 2*h - 156 = 0. What is the units digit of p?
6
Suppose -5*x + w - 5*w = -863, 0 = 2*x - w - 353. Suppose -5*f + 4*g + 0*g = -188, -4*f - 5*g = -x. What is the tens digit of f?
4
Let y(v) = v**3 + 9*v**2 + 15*v + 15. Suppose -4*s = 3*s + 42. What is the tens digit of y(s